*m(u). Determine g(-6).
3
Let a(u) = -u**3 + u**2 - 1. Let k be a(0). Let c = 38 - 35. Let d(s) = -9*s - 1. Let w(l) = 28*l + 3. Let b(p) = c*w(p) + 8*d(p). Determine b(k).
-11
Let k(j) = 2 + 3 + 3*j + 3. Let w(a) = -2*a - 7. Let f(r) = 3*k(r) + 4*w(r). Calculate f(3).
-1
Let k(s) = 2*s**2 - 11*s - 3. Suppose -64 = 6*h - 14*h. Give k(h).
37
Let w(v) = -4*v + 9. Suppose -8 = 32*r - 24*r. Let i be (22/55)/(r/(-15)). Calculate w(i).
-15
Let o(l) = -2*l**2 - l - 1. Let h be o(-2). Let x(k) be the second derivative of k**4/12 + 3*k**3/2 + 7*k**2/2 - 2*k + 1110. Calculate x(h).
-7
Let h be 3/((-1140)/(-102) - 11). Let j(d) = -d**3 + 18*d**2 - 17*d + 4. What is j(h)?
4
Let z(k) = 7*k + 4. Let a(m) = -15*m - 9. Let y(f) = -6*a(f) - 13*z(f). What is y(8)?
-6
Suppose 5*w - 3*f + 196 = 0, -2*w - 26 = -w - 5*f. Let t = w - -41. Let o(k) = -k**3 + k**2 - k + 19. Calculate o(t).
19
Let g(s) = -5*s - 1 - 7 + 2 + 10 + s. Determine g(-5).
24
Suppose 2 + 0 = y, 0 = -5*h - 4*y - 27. Let g = 12 + h. Let i(k) = 0 + 6 + 7*k - 2*k - k**2. Determine i(g).
6
Let t(y) = 7*y + 1. Suppose 2*d - 22 = 3*w + 19, 0 = -w - 3. Let x = d + -13. Suppose 2*p - x*o + 0*o - 1 = 0, p = 5*o + 4. Determine t(p).
-6
Let p(k) = -k. Let d(y) = y**2 - 7*y - 8. Suppose r - 6*o + 9 = -2*o, 2*o = -2*r + 2. Let v be d(r). What is p(v)?
0
Let t(p) = p**2 - 4*p + 2. Let f be (2/(-4))/(4/(-48)). What is t(f)?
14
Let r(k) = 3*k**3 - 10*k**2 - 3*k + 7. Let j(z) = -2*z**3 + 9*z**2 + 3*z - 6. Suppose -99*u + 20 = -103*u. Let b(f) = u*j(f) - 4*r(f). What is b(-3)?
20
Let t(k) = 2*k - 3*k - 40 + 2*k + 39. What is t(7)?
6
Suppose 4*x - 7*p = -6*p - 39, 0 = -3*x - 5*p - 12. Let n(k) = -k**2 - 10*k - 12. Determine n(x).
-3
Let o(l) = 32*l**2 - 20*l**2 + 26*l**3 - 4*l**3 - 14*l**2 - l. Give o(-1).
-23
Suppose 0 = 5*h - 3 - 2. Let p(n) = 3 - 3*n + h - 3. Calculate p(1).
-2
Let f(m) = 10*m**3 + 25*m**2 + 31*m + 18. Let l(o) = 17*o**3 + 51*o**2 + 61*o + 38. Let v(d) = -5*f(d) + 3*l(d). Give v(-27).
-3
Let o be (-3*(-4)/(-24))/(4/8). Let y(p) = -3*p**3 - p**2. Calculate y(o).
2
Let h(n) be the second derivative of n**6/144 + n**5/60 + 29*n**4/12 - 8*n. Let w(i) be the third derivative of h(i). Determine w(2).
12
Suppose 0 = -x + 10 + 14. Suppose x*f = 21*f + 6. Let n(t) = 4*t - 1. Give n(f).
7
Let q(k) = -k**3 + 2*k**2 - k + 4. Let f(w) be the third derivative of -1/120*w**6 + 4*w**2 + 0 + 0*w**5 + 0*w + 1/24*w**4 + 1/2*w**3. Let d be f(0). Give q(d).
-8
Let g(z) = 3*z**3 + z**2 - 3*z + 2. Let a be ((-5)/(-15))/(9/54). What is g(a)?
24
Let f(l) = -2*l**2 + 9*l - 15. Let q(a) = a**2 - 4*a + 7. Let j(u) = -4*f(u) - 9*q(u). What is j(0)?
-3
Let v be 0 + -2 + (-12)/(-2). Let c(z) = 1087*z**3 + 5*z**2 - 5 - 2*z - 2174*z**3 + 1086*z**3. What is c(v)?
3
Let c(o) = 3*o + 32. Let k = -1486 - -1476. Calculate c(k).
2
Let p(j) = j - j**3 - 6*j + 9*j**2 + 0*j - 15*j**2. Let v(s) = 0 - 4 + s - 88*s**2 - s**3 + 0*s + 87*s**2. Let h be v(0). Determine p(h).
-12
Let p(v) = v**3 + 2*v**2 - 4*v + 2. Let s(k) = 3*k**3 + 4*k**2 - 10*k + 5. Let d(x) = -8*p(x) + 3*s(x). Determine d(4).
7
Let a be (-290)/9 - 8/(-36). Let n = 36 + a. Let b(h) = -h**2 + 3*h - 5. Determine b(n).
-9
Let d(f) = 4*f + 1. Let t(x) = -5*x**2 - 8*x - 10. Let b(p) = -4*p**2 - 7*p - 9. Let h(q) = -6*b(q) + 5*t(q). Let j be h(5). Let l = -12 - j. What is d(l)?
-3
Let o(s) = s**2 - 5. Let i(b) be the second derivative of b**4/6 - 11*b**2/2 - 2*b. Let c be -8 - (1 + (3 - 7)). Let x(u) = c*o(u) + 2*i(u). Give x(0).
3
Let j(p) = p**3 + 5*p**2 - 7*p + 4. Let u be (-1)/((-4)/18)*12/(-9). What is j(u)?
10
Suppose 0 = 4*i - 0*h - h - 8, -h = 5*i - 19. Let o = 8 - 5. Let m(q) = -q - 1 + q + q + o*q - q**3 + q**2. Calculate m(i).
-7
Let y(t) = -t**3 + 15*t**2 + 19*t - 11. Let o = 1399 + -1383. What is y(o)?
37
Let g(t) = 26*t**2 - 15*t - 46*t**2 + 4 + 2*t - 25. Let o(h) = -7*h**2 - 4*h - 7. Let f(l) = -6*g(l) + 17*o(l). What is f(-9)?
-2
Let z = 31 + -32. Let x be (z - (-10)/6) + 65/(-39). Let v(j) = 5*j**2 + 1. What is v(x)?
6
Let a(y) = 7*y - 39. Let t(z) = 3*z - 12. Let f(k) = -3*a(k) + 8*t(k). Calculate f(-6).
3
Suppose 4*y = 9*y + 20. Let u(x) be the third derivative of -x**4/24 - x**3/6 + 34*x**2. Determine u(y).
3
Let q(n) = n + 1. Let j(d) = -10*d + 29. Let y be j(2). Determine q(y).
10
Suppose 4*x + 4*f - 12 = 0, 4*f = 8*x - 3*x + 12. Let j(k) be the third derivative of 1/6*k**3 + 5*k**2 + 0 + x*k - 1/24*k**4. Calculate j(4).
-3
Let b(u) be the third derivative of -7/6*u**3 - 1/120*u**5 - 7/24*u**4 - 2*u**2 + 0 + 0*u. Let j(r) be the first derivative of b(r). Calculate j(-5).
-2
Let z(j) = 2*j**2 + j + 4. Suppose 2*k = -3*i + 12, -41*k - i = -46*k + 13. Calculate z(k).
25
Let j = 3 + -1. Let p be (-4)/((-5 - -3)/j). Suppose 2*r - 4*r + 6 = 2*t, -2*r - 4*t = -p. Let v(h) = -h**2 + h + 5. Determine v(r).
-7
Let s(z) = -z**3 + 2*z**2 - 2*z + 9. Let b be (-5*30/(-10))/5. Determine s(b).
-6
Suppose 6 = -x + 2*d, 4*x - 3*d + 6 = 2. Let t(k) = 5*k**2 + 1. Calculate t(x).
21
Suppose -j + 22 = -5*f, -3*j + 26 = -5*f - 0. Let n(k) = 3*k + 2. Determine n(f).
-10
Let d(b) = -b**3 + 2*b**2 - 2*b - 1. Let a(f) be the first derivative of f**4/4 + 4*f - 6. Let o be a(0). Suppose -2*j + 4*u = 0, o = 3*u + 1. Determine d(j).
-5
Let d(y) = y**3 - 6*y**2 - 10*y + 10. Let p be (22/(-5) + 2)*10/(-3). Let i be 1*(p + (1 - 2)). Determine d(i).
-11
Let b(v) = 578*v**2 - 3*v - 1 - 575*v**2 + 2*v - v**3. Calculate b(3).
-4
Let f(s) = s**2. Let z(k) = 11*k**2 - k + 1. Let r(h) = -5*f(h) + z(h). Let x = -3119 - -3120. Calculate r(x).
6
Let s(z) be the first derivative of -5*z**2/2 - 5*z + 554. What is s(-2)?
5
Let s(b) = 4 - 8*b - 7 - 2 + 4. Let x be 1/(-3) - 14/(-6). What is s(x)?
-17
Let i(k) = -k**2 + 12*k + 9. Let o be i(12). Suppose o = -j - 3*m, 0 = j + 2*j + 4*m + 22. Let y(g) = -g**2 - 9*g - 8. What is y(j)?
10
Let q = 94 + -100. Let y = 7 + q. Let z(k) = 24*k - 1. Give z(y).
23
Suppose 3*i = -i + 8. Let l(d) = -d - 2. Let k be l(i). Let a(b) = 2*b**2 - 8*b - 1. Let s(h) = h**2 - h + 1. Let v(p) = -a(p) + 3*s(p). Determine v(k).
0
Suppose 15*k + 161 - 26 = 0. Let b(g) = -g**3 - 10*g**2 - 4*g + 8. Calculate b(k).
-37
Let n(h) = 7*h + 5. Let x be n(-5). Let g = x - -24. Let p(c) = -2*c + 8. What is p(g)?
20
Let x be (18/(-7))/((-3)/(-21)). Let q be x/(-4)*8/(-6). Let v(b) be the third derivative of -b**4/24 - 5*b**3/6 - b**2. Determine v(q).
1
Suppose 0 = -t - 3*t - 8. Let y be t/(-8) + (-14)/(-8). Let f(s) be the third derivative of s**6/120 - s**5/15 + s**4/8 - 19*s**2. Determine f(y).
-2
Let z(a) be the third derivative of -a**6/120 + a**5/12 - a**4/12 - 5*a**3/6 - 3*a**2 - 32*a. Suppose 4*h - 3*m = 7, 0*h + 4*m - 16 = -h. Determine z(h).
3
Let x(k) = -k**3 - 2*k**2 - k. Suppose 3*y + 10 + 2 = 0. Calculate x(y).
36
Let j be (-1 + -2 - 11)/(-2). Let h(m) = j*m**2 - 7*m - 2 + 0*m - 4 - 8*m**2. Give h(-6).
0
Let q(g) = 4*g - 6. Let v(z) = z - 2. Let f(m) = -q(m) + 3*v(m). Let c(r) = 5*r - 6. Let b be (-3)/12*-2*2. Let s(y) = b*c(y) + 4*f(y). Give s(5).
-1
Suppose -j - 2*j + 12 = 0. Let r(g) = -1 - j + 1 + 1 - g. What is r(-4)?
1
Let b(c) = -3*c**3 + c**2 + 3*c - 5. Let r be 3*3/27*12. Let g(u) = -7*u**3 + 2*u**2 + 7*u - 10. Let i = 12 + -21. Let a(j) = i*b(j) + r*g(j). What is a(0)?
5
Let k(f) = -f**2 + 7*f - 8. Let w(m) = 10*m - 4. Let l be w(4). Let q(s) = 12*s - 58. Let i be q(5). Suppose 0 = d - 2*o - 12, 9*d - l = 4*d + i*o. Give k(d).
-2
Let x be (1 + -46)*20/(-30). Let o(h) = 9*h**2 + 8*h + 16*h**2 - h**3 - 3 + 9*h**2 - x*h**2. Calculate o(5).
12
Let u = -342 + 337. Suppose 4*a + 4 - 14 = 2*d, -4*d + a - 13 = 0. Let i(b) = 2*b**2 - 3*b - 9. Let l(t) = t**2 + t - 1. Let m(g) = d*l(g) + i(g). What is m(u)?
-1
Let o(s) = 3*s**2 + 1. Let c(n) = 1 + 10*n**2 + n + 9*n**3 + 4*n**3 - 12*n**3 + 8*n. Let m be c(-9). Let v be m + (-1 - -1 - 2). Calculate o(v).
4
Let s(w) be the third derivative of w**5/30 - 5*w**4/24 - w**3/2 - 2*w**2 + 34*w. Calculate s(4).
9
Suppose -6 - 14 = -5*f. Let b(d) = 24*d - 8*d + 1 + 3*d - 8*d - 7*d - d**2. Determine b(f).
1
Suppose 4*t - 9*t = -30. Let l(o) be the third derivative of o**5/40 - o**4/4 - 5*o**3/6 - 3*o**2. Let h(g) be the first derivative of l(g). Give h(t).
12
Let k(q) = -q**3 + q - 1. Suppose 15 = -3*i, -2*t + 17 = -0*t - 5*i. Let w be t